+ 4 + (3 - 7)?
1
Calculate (-3 - (5 + -19)) + 2 + -7.
6
What is 2 - (-3 - -4) - 0?
1
What is (1 - 0) + 3 - (20 + -14)?
-2
5 + 5 + -10 - 6
-6
What is -18 + (3 - -2) + 8 + -2?
-7
What is the value of 5 - 5 - (-3 - 0)?
3
What is the value of -51 - -58 - (4 - (0 - 1))?
2
Evaluate (2 - -1) + 9 + -13.
-1
What is -4 + 1 + (4 - (5 - 6))?
2
Evaluate 1 + 0 - (-32 - -29).
4
What is the value of (7 - -1) + (32 + -18 - 20)?
2
What is 5 - 0 - (45 + -44)?
4
What is the value of -4 + -4 + 13 + -1 - 3?
1
What is the value of (25 - 27) + -4 + -1 + 2?
-5
What is the value of (28 + -24 - (2 + 1)) + 7?
8
Calculate (-1 + -6 - -5) + -2 + 1.
-3
Calculate 1 - (0 + 4) - (-1 - -3).
-5
Evaluate -5 + 4 + 4 - (-2 + 5).
0
-32 - -43 - (-2 - -14)
-1
Calculate 0 + -5 + 4 + -1 + -2.
-4
Evaluate 3 + 1 + -1 - (-1 + 1).
3
Calculate -7 - (1 + (-5 - -2)).
-5
Calculate (8 - (-7 + 18 + 0)) + 0.
-3
What is the value of 5 + -1 + -5 + 3 + -3?
-1
Evaluate -13 + 6 + 12 - -4 - 2.
7
What is (-3 - 0) + 4 + 1 + -2?
0
Calculate -5 - (1 + (3 - 4)) - -2.
-3
What is 2 + 5 + (8 - 9 - 0)?
6
What is -9 + 8 + (0 - 0)?
-1
What is the value of -8 - -6 - (3 - 1)?
-4
Calculate (9 - 5) + 8 + -5.
7
What is the value of (1 - 0) + 1 + (-12 - -12)?
2
What is the value of 5 - (4 + 1 + 0)?
0
Evaluate (7 - 1 - 7) + 1.
0
What is 6 - ((3 - 2) + -2)?
7
What is (-1 + 1 - 1) + (1 - -2)?
2
-10 - (-16 - (0 + -8))
-2
What is -3 + (-25 + 10 - -8)?
-10
Evaluate 1 + -5 + (4 - 4).
-4
Evaluate 6 - (-4 + 3 - (-6 + -1)).
0
Evaluate 0 + 1 - 7 - -5.
-1
What is the value of 0 + -1 - 6 - (34 - 45)?
4
Evaluate 3 + (-5 + 8 - 2).
4
What is the value of (1 + -7 - -6) + 0 + 2?
2
What is the value of 1 - 2 - (107 + -103)?
-5
Calculate -5 + 1 + (-73 - -71) + 6.
0
4 + -3 + (7 - 2) + -2
4
What is the value of -1 + 11 + 6 + -12?
4
Calculate 12 - (-11 - (-12 + -13)).
-2
Evaluate -29 + 29 + (0 - 3) + 5.
2
What is the value of -13 + 0 + (11 - (13 + -8))?
-7
(-6 - 3) + (-6 - -13)
-2
Calculate (-12 - -8 - (0 + -2)) + -1.
-3
What is -6 + (8 - (1 + -3 + 5))?
-1
Evaluate 2 + 0 - -1 - (14 - 16).
5
Evaluate -12 - -4 - (-1 - 2).
-5
What is the value of (-1 - 3) + -1 + 1?
-4
Evaluate (3 - -5) + 0 + -8.
0
Calculate (2 - (0 + 2)) + 2 + -6.
-4
-1 + (-5 + 11 - 2)
3
(-4 - -4) + -1 + -2
-3
-4 - (6 + -9 + 2 + -3)
0
What is -5 + 3 + -6 + 6 + -2?
-4
Calculate 0 - -5 - (-30 + 34).
1
(-2 + -1 - (8 + -12)) + 1
2
Calculate 5 + (3 - (13 + -6) - 6).
-5
Calculate -7 + 2 + 1 - -3.
-1
Calculate (4 - 5 - 3 - 0) + -1.
-5
Calculate -4 + (9 - (0 + 5) - 6).
-6
What is 4 + -1 + 1 + 1?
5
What is 171 + -163 - (1 - -11)?
-4
Calculate 0 + 5 + 0 + -8.
-3
Calculate 1 + 4 + 4 + (24 - 30).
3
-6 - ((-3 - 7) + (0 - 2))
6
(-6 - -14) + -5 + 7
10
-1 + 1 + -2 + 22 + -19
1
What is (6 - 3) + -3 + -1?
-1
Evaluate 4 + -2 - (-1 - (6 - 16)).
-7
2 + -4 - 6 - (-11 - 7)
10
Evaluate (1 - 0) + -5 + 2.
-2
Evaluate 4 + (-1 - ((7 - 7) + -4)).
7
Calculate (-15 - -11 - -1) + 9.
6
What is the value of -2 - -2 - -2 - 1?
1
What is -29 + 38 - (0 + 5)?
4
What is (-7 - (-5 + 0)) + -3 + 7?
2
Evaluate 3 + (0 - -1) + -1 + 0.
3
Calculate -6 + (5 - 5) + 5.
-1
What is -7 - (-6 - (-14 + 12))?
-3
What is -3 + -4 + 6 + (-2 - -8)?
5
What is 1 - -3 - (5 + -5)?
4
Calculate 14 + (11 - 23) - (-2 + 1).
3
Calculate 4 - 1 - (-21 - -25).
-1
8 - (4 - -1) - 2
1
Calculate (3 - 4) + -8 + 6.
-3
Evaluate 6 - (-1 + (0 - -5)) - 8.
-6
What is -47 - -42 - (-1 - 8)?
4
Calculate 1 - 0 - (-3 + (8 - 5)).
1
What is 4 - (1 - -1 - -3)?
-1
6 - ((-7 - -9) + 2) - 12
-10
Calculate 5 + (0 + -5 - 3).
-3
2 + -8 - (-13 - -8) - -3
2
Calculate -1 + (3 - (-3 + 9 + 0)).
-4
Calculate (-11 - -12) + (1 - 2).
0
-8 + (71 - 63) + 6 + 0
6
What is -2 - ((1 - -4) + -5 + -5)?
3
1 + (-1 - (2 - 3)) + 3
4
Evaluate 12 - (3 + 7) - 9.
-7
Evaluate -1 + 1 + (3 + -13 - -4).
-6
What is (-145 - -141) + (0 - 5)?
-9
0 - (-5 - -3) - 0
2
What is the value of (1 - (1 - 1)) + 3?
4
Calculate 0 + (1 - 3 - 0 - 0).
-2
3 + -6 + 5 - 0
2
Calculate 0 + 0 + -24 + 28.
4
What is the value of -3 + (-4 + 8 - -3)?
4
4 + -2 + (-2 - 2) - 2
-4
What is 8 + -11 + (-2 - -9)?
4
-6 - ((12 - 8) + -15)
5
Calculate (3 - -3) + 1 + 1.
8
What is -2 - (-18 + 6 - -5)?
5
What is the value of 12 - (-1 + 8 + 0 + -4)?
9
(4 - -1) + 9 + (-4 - 8)
2
Calculate 2 - 2 - (-8 + 5 + -2).
5
Evaluate 4 - (4 - (3 - 3)).
0
Evaluate (2 - (-4 + 11)) + 0.
-5
What is the value of (-2 - -4) + 6 + -5 + -4?
-1
What is the value of 1 + (7 - (4 + -1)) + -5?
0
Calculate (-2 - -7) + -4 + 2.
3
Evaluate 1 - (-1 + (-2 - 0) + 0).
4
What is the value of 0 + -2 + 2 + (17 - 23)?
-6
What is 0 + -8 - (5 - 9) - 0?
-4
Evaluate (3 + -9 - -2 - -3) + 8.
7
Evaluate (8 - 4) + -2 + -3 + 2.
1
What is the value of (-11 - 0 - (-4 - -1)) + 3?
-5
What is 2 - -2 - 4 - (-6 - -3)?
3
What is the value of -4 - -7 - (-2 + 1)?
4
Evaluate 11 - (-9 + 1 + 10).
9
-2 + (10 - 3 - 2)
3
-8 - (-5 + (18 - 7) - 7)
-7
What is the value of -10 - (-6 - (-6 + 5))?
-5
Evaluate -6 - ((8 - 4) + -3).
-7
Evaluate -4 + 2 + 7 + -2.
3
What is -10 + 3 - (-11 - 2)?
6
Calculate 2 + (0 - 3) - -2.
1
Evaluate (21 - 13) + -1 + -3 + 1.
5
What is the value of 2 - (5 - (5 + -4) - 2)?
0
What is the value of -19 + 18 - (-3 - -5)?
-3
Evaluate 3 - (2 + 1 + 4 + -3).
-1
1 + -1 + 2 + -3 + 4
3
Calculate 2 - 1 - (3 - (-2 + 4)).
0
Evaluate -3 + (-3 - (2 + -1 + -3)).
-4
What is 13 - 12 - (1 - 2) - 4?
-2
-6 + 1 - (-2 + -2)
-1
What is -1 + 4 - 7 - -5?
1
Calculate 8 + (-3 + 6 - (13 + -2)).
0
What is the value of 0 + 1 + 1 - -1 - 2?
1
Evaluate 3 + -1 - (5 + -7).
4
What is (-10 - -9) + 1 - 2?
-2
Evaluate (1 - -4) + -7 + 6.
4
What is 15 - 11 - (3 - 0)?
1
-28 - -31 - (-1 + 1 + -1)
4
What is 1 + (-1 - (-2 - 3))?
5
Calculate 2 + -7 + -2 + 11 + -6.
-2
Evaluate (0 - (4 - 7)) + -3 - -2.
2
What is the value of -4 + 3 + 3 + (-4 - 5)?
-7
Evaluate -3 + (3 + 1 - 3).
-2
Calculate 2 + (1 - (-2 + -1) - 1).
5
What is 5 + -1 + 0 + 1 - 12?
-7
Evaluate -9 - -9 - 6 - 1.
-7
What is -18 + 14 + (6 - 0) + 6?
8
Calculate 4 + 0 - (2 + -4).
6
What is the value of 3 - (3 + -1) - 3?
-2
(6 - 9) + -3 + (1 - -2)
-3
Evaluate 2 - (0 - (-13 - -7)).
-4
Calculate (13 - 5) + (-8 - -5).
5
Calculate -4 + 2 - (6 + -7 + -3).
2
Calculate 2 + 1 + -8 + -2 + 6.
-1
(4 + -1 - (-1 - -1)) + -1
2
What is 9 + 6 + 1 + -9?
7
What is the value of (3 - 2 - 0) + -2 + 2?
1
1 - ((-1 - 1) + -3 + 1)
5
Evaluate -6 - (0 + (-3 + 1 - 1)).
-3
What is the value of -10 - (-14 - 0) - -4?
8
-4 + 2 + (-2 - 0 - 1)
-5
What is (-8 - -6) + 6 + -1?
3
What is the value of -4 - (-13 - -4) - (1 - -1)?
3
What is (3 - 3 - -2) + -3 + -2?
-3
-5 - 1 - ((0 - -10) + -14)
-2
What is the value of 3 + (3 - 2) - (-5 - -15)?
-6
1 + 2 - (20 + -11 + 4)
-10
Evaluate 1 + 2 + (5 - 8).
0
What is the value of (4 - -1) + -11 + 4 + -1?
-3
Evaluate (4 - 3 - -2) + -3 - 2.
-2
What is the value of 3 + (-3 - 0) + 0?
0
What is the value of 3 + -1 + (-7 - (-3 - -3))?
-5
Evaluate -6 + 1 + -38 + 38 + -3.
-8
Calculate (2 - 0 - -1) + (10 - 9).
4
What is the value of -7 + (4 - (2 + -2 - 1))?
-2
What is -4 + -1 + (-10 - -8) + 3?
-4
What is (-48 - -60) + 1 + 1 + -6?
8
Evaluate 2 + 1 + -1 + (-201 - -204).
5
Calculate (1 + -2 - 0) + -3 - -4.
0
2 + (4 - -1) - 5
2
1 - (-5 - -4 - 2)
4
What is the value of -9 + (10 - (-8 + 7))?
2
What is the value of (0 - (1 + (3 - 4))) + 2?
2
Evaluate -8 + 9 - -8 - 8.
1
What is 3 - ((-4 - -3) + 2)?
2
-6 + 9 + 2 + -4
1
What is the value of 3 + (-9 - (-16 + 12))?
-2
What is the value of 2 - 5 - (-1 + 0)?
-2
(2 - 4) + 2 + -2
-2
What is 0 - 16 - -5 - -13?
2
What is 2 + 4 + 9 + -11?
4
What is -3 + (-4 + 2 - 4) - -1?
-8
Evaluate -3 + (-12 - -21) - 5.
1
What is the value of -2 + -1 + 7 + 5 + -4?
5
What is 2 + -1 - -3 - 12?
-8
Evaluate -5 + (1 - 3) - -3.
-4
-2 - (20 + -8 + -9)
-5
What is 2 - ((1 - -4) + -4)?
1
What is (3 - (-4 - 5)) + -7?
5
What is the value of -5 + (1 - -1) + (-68 - -74)?
3
Evaluate 1 + (-1 + 0 - 1).
-1
Calculate -3 + -3 - (-9 - 1).
4
Evaluate 4 - (12 + 0 + -7).
-1
Calculate -8 + 0 + -2 + 16.
6
What is -6 + (-4 - (5 + -3)) + 7?
-5
What is (2 - 15) + 2 + -6 + 11?
-6
What is the value of 5 - ((1 - -2) + 0)?
2
Evaluate -3 - ((-6 - -1) + 25 + -22).
-1
Evaluate 49 + -50 - (-2 - 3 - 2).
6
Evaluate (-12 - -4) + 5 + 2 + 1.
0
Evaluate -1 - (0 - (-1 + 5)) - 5.
-2
0 - -2 - -2 - -2
6
Calculate -3 + (6 + (1 - 0) - 14).
-10
Calculate 0 + 4 - 1 - (28 - 22).
-3
What is (10 - 5) + -5 - 0?
0
What is the v